tiple of 171?
False
Does 8 divide 36?
False
Is 2212 a multiple of 25?
False
Is 18345 a multiple of 72?
False
Does 101 divide 2222?
True
Is 62 a factor of 15755?
False
Is 50 a factor of 27031?
False
Does 269 divide 26986?
False
Is 7 a factor of 37976?
False
Does 7 divide 256?
False
Does 29 divide 2560?
False
Is 16762 a multiple of 34?
True
Is 14 a factor of 994?
True
Does 55 divide 14406?
False
Is 4 a factor of 59?
False
Is 83 a factor of 3403?
True
Is 27 a factor of 17172?
True
Is 3484 a multiple of 26?
True
Is 23 a factor of 9821?
True
Does 3 divide 186?
True
Does 17 divide 187?
True
Is 3 a factor of 608?
False
Is 6058 a multiple of 26?
True
Is 80 a factor of 967?
False
Is 221 a factor of 53329?
False
Does 38 divide 6965?
False
Is 63865 a multiple of 76?
False
Is 508 a multiple of 25?
False
Is 9 a factor of 220?
False
Is 3 a factor of 596?
False
Is 1058 a multiple of 16?
False
Is 1104 a multiple of 48?
True
Does 14 divide 1950?
False
Is 6880 a multiple of 10?
True
Is 45 a factor of 225?
True
Is 6 a factor of 22614?
True
Is 30 a factor of 1290?
True
Does 14 divide 1358?
True
Does 6 divide 97?
False
Is 49856 a multiple of 64?
True
Is 155 a multiple of 74?
False
Is 16 a factor of 6744?
False
Is 70 a factor of 15610?
True
Is 9 a factor of 20178?
True
Is 52 a factor of 5824?
True
Is 71 a factor of 2059?
True
Does 9 divide 61300?
False
Is 1050 a multiple of 30?
True
Is 341 a multiple of 47?
False
Does 27 divide 560?
False
Does 44 divide 21093?
False
Is 1136 a multiple of 71?
True
Is 11 a factor of 2068?
True
Is 8778 a multiple of 77?
True
Is 58 a factor of 4118?
True
Is 254 a multiple of 11?
False
Is 153 a factor of 37026?
True
Is 20098 a multiple of 13?
True
Is 1636 a multiple of 4?
True
Does 4 divide 6494?
False
Is 9 a factor of 999?
True
Is 149 a factor of 30098?
True
Does 2 divide 6039?
False
Is 13 a factor of 114?
False
Is 232 a factor of 18328?
True
Is 18248 a multiple of 26?
False
Does 12 divide 35760?
True
Does 15 divide 330?
True
Does 45 divide 1782?
False
Is 772 a multiple of 5?
False
Is 24 a factor of 384?
True
Does 109 divide 9810?
True
Does 96 divide 4128?
True
Is 90 a factor of 10440?
True
Does 17 divide 23681?
True
Does 30 divide 2753?
False
Is 5 a factor of 322?
False
Does 44 divide 16275?
False
Does 21 divide 887?
False
Is 9 a factor of 7605?
True
Is 12 a factor of 45107?
False
Is 3304 a multiple of 49?
False
Does 52 divide 65402?
False
Is 20000 a multiple of 40?
True
Is 233 a multiple of 40?
False
Is 50 a factor of 7700?
True
Is 32 a factor of 526?
False
Is 105 a factor of 1995?
True
Is 62 a factor of 19713?
False
Is 49689 a multiple of 33?
False
Is 12758 a multiple of 16?
False
Is 11 a factor of 99?
True
Is 2915 a multiple of 5?
True
Is 18 a factor of 1422?
True
Is 1344 a multiple of 24?
True
Does 23 divide 40802?
True
Is 1442 a multiple of 64?
False
Is 17351 a multiple of 12?
False
Is 840 a multiple of 14?
True
Is 37 a factor of 159?
False
Is 961 a multiple of 32?
False
Is 13 a factor of 546?
True
Does 6 divide 329?
False
Does 37 divide 4551?
True
Does 22 divide 7314?
False
Is 1560 a multiple of 4?
True
Is 4080 a multiple of 5?
True
Is 5171 a multiple of 44?
False
Is 829 a multiple of 82?
False
Is 46 a factor of 3726?
True
Is 13 a factor of 15123?
False
Does 3 divide 100?
False
Does 11 divide 1427?
False
Is 112 a factor of 17136?
True
Does 146 divide 9198?
True
Is 34 a factor of 170?
True
Does 39 divide 25038?
True
Is 32286 a multiple of 73?
False
Is 909 a multiple of 11?
False
Does 48 divide 1312?
False
Is 7 a factor of 133?
True
Is 4 a factor of 6792?
True
Does 9 divide 15507?
True
Is 23 a factor of 92?
True
Is 2 a factor of 1300?
True
Is 318 a multiple of 7?
False
Is 127 a multiple of 6?
False
Is 120 a factor of 12000?
True
Is 9 a factor of 261?
True
Is 1570 a multiple of 10?
True
Does 17 divide 39508?
True
Does 8 divide 3190?
False
Is 77 a factor of 46816?
True
Is 68 a factor of 884?
True
Is 158460 a multiple of 38?
True
Does 15 divide 23199?
False
Does 22 divide 5086?
False
Is 11732 a multiple of 14?
True
Does 16 divide 5055?
False
Is 3036 a multiple of 92?
True
Does 15 divide 527?
False
Does 28 divide 34261?
False
Does 22 divide 303?
False
Is 344 a multiple of 6?
False
Is 620 a multiple of 22?
False
Is 7 a factor of 4120?
False
Does 8 divide 3000?
True
Is 49 a factor of 1127?
True
Is 29437 a multiple of 36?
False
Does 15 divide 15?
True
Is 218 a multiple of 4?
False
Does 16 divide 1728?
True
Is 12 a factor of 5394?
False
Is 59 a factor of 15399?
True
Does 73 divide 511?
True
Is 12 a factor of 60?
True
Does 112 divide 24375?
False
Does 36 divide 335?
False
Is 23583 a multiple of 10?
False
Is 182 a factor of 24752?
True
Does 2 divide 2238?
True
Is 132720 a multiple of 70?
True
Is 7 a factor of 770?
True
Does 14 divide 42?
True
Does 30 divide 630?
True
Is 3676 a multiple of 39?
False
Is 675 a multiple of 9?
True
Does 16 divide 1511?
False
Is 116880 a multiple of 15?
True
Does 232 divide 17204?
False
Is 94 a factor of 2726?
True
Is 5750 a multiple of 10?
True
Does 13 divide 568?
False
Is 192 a multiple of 15?
False
Is 79 a factor of 21900?
False
Is 42434 a multiple of 13?
False
Is 37 a factor of 259?
True
Is 192 a factor of 21696?
True
Is 546 a multiple of 14?
True
Is 13 a factor of 2144?
False
Is 10 a factor of 199?
False
Is 13 a factor of 763?
False
Is 11 a factor of 594?
True
Is 28 a factor of 56786?
False
Is 15 a factor of 1395?
True
Does 15 divide 360?
True
Is 592 a multiple of 29?
False
Does 59 divide 944?
True
Is 14 a factor of 27602?
False
Is 384 a multiple of 64?
True
Is 70 a multiple of 3?
False
Is 8488 a multiple of 8?
True
Is 330 a multiple of 5?
True
Is 38657 a multiple of 31?
True
Does 2 divide 1451?
False
Is 154 a factor of 14031?
False
Is 13 a factor of 793?
True
Does 75 divide 4350?
True
Does 18 divide 29485?
False
Is 34 a factor of 12954?
True
Is 43955 a multiple of 7?
False
Does 27 divide 6587?
False
Is 19651 a multiple of 67?
False
Is 48 a factor of 625?
False
Is 26 a factor of 709?
False
Is 75 a factor of 4875?
True
Is 21888 a multiple of 48?
True
Is 8203 a multiple of 13?
True
Is 91 a factor of 29029?
True
Is 10 a factor of 4010?
True
Does 7 divide 36?
False
Does 10 divide 2020?
True
Does 10 divide 5740?
True
Does 66 divide 1386?
True
Does 47 divide 634?
False
Is 3 a factor of 321?
True
Is 334 a multiple of 6?
False
Is 11 a factor of 23014?
False
Does 7 divide 35?
True
Does 40 divide 2000?
True
Does 14 divide 7784?
True
Is 52 a factor of 2132?
True
Is 9 a factor of 92?
False
Is 11 a factor of 396?
True
Does 45 divide 2519?
False
Does 8 divide 549?
False
Is 18138 a multiple of 36?
False
Is 2086 a multiple of 7?
True
Is 16 a factor of 432?
True
Is 1263 a multiple of 73?
False
Is 154 a factor of 16787?
False
Is 7 a factor of 16471?
True
Is 641 a multiple of 59?
False
Is 20 a factor of 52449?
False
Is 145188 a multiple of 74?
True
Is 59 a factor of 23720?
False
Is 1807 a multiple of 43?
False
Does 23 divide 1703?
False
Does 16 divide 777?
False
Is 68 a factor of 2312?
True
Is 169 a factor of 35152?
True
Does 20 divide 2852?
False
Is 532 a multiple of 28?
True
Is 30390 a multiple of 10?
True
Is 24 a factor of 13670?
False
Is 2565 a multiple of 95?
True
Does 14 divide 21490?
True
Does 9 divide 1474?
False
Is 8288 a multiple of 8?
True
Does 11 divide 1883?
False
Does 6 divide 1308?
True
Does 15 divide 50478?
False
Is 98855 a multiple of 13?
False
Does 9 divide 3537?
True
Is 19 a factor of 1953?
False
Does 208 divide 15771?
False
Is 7 a factor of 12942?
False
Is 32 a factor of 512?
True
Does 45 divide 675?
True
Is 252 a multiple of 3?
True
Is 38 a factor of 456?
True
Is 36 a factor of 72?
True
Does 41 divide 557?
False
Does 6 divide 3456?
True
Is 150 a factor of 21450?
True
Is 7236 a multiple of 54?
True
Does 27 divide 12231?
True
Does 8 divide 7760?
True
Is 122 a factor of 21749?
False
Is 16 a factor of 31216?
True
Does 17 divide 833?
True
Is 4465 a multiple of 10?
False
Is 2898 a multiple of 21?
True
Does 21 divide 3486?
True
Is 33 a factor of 1983?
False
Is 8 a factor of 1624?
True
Is 17 a factor of 1143?
False
Is 31 a factor of 279?
True
Does 11 divide 144259?
False
Does 19 divide 19760?
True
Does 10 divide 24121?
False
Is 49 a multiple of 49?
True
Is 7800 a multiple of 75?
True
Is 876 a multiple of 12?
